{"id":274,"date":"2017-10-29T20:06:13","date_gmt":"2017-10-29T20:06:13","guid":{"rendered":"http:\/\/casadoolivalfv.pt\/?page_id=274"},"modified":"2022-10-30T18:23:24","modified_gmt":"2022-10-30T18:23:24","slug":"reservas","status":"publish","type":"page","link":"https:\/\/casadoolivalfv.pt\/index.php\/reservas\/","title":{"rendered":"Reservas"},"content":{"rendered":"<p>Os pre\u00e7os para estadias na Casa do Olival variam entre 75 \u20ac e 160 \u20ac\/noite, dependendo do n\u00famero de h\u00f3spedes e da \u00e9poca do ano. Contacte-nos para informa\u00e7\u00f5es atualizadas sobre disponibilidade e pre\u00e7os para a sua estadia. Poder\u00e1 ainda consultar as plataformas de reserva em que estamos presentes.<\/p>\n<p>+351 96 40 10 229<\/p>\n<p><a href=\"mailto:info@casadoolivalfv.pt\">info@casadoolivalfv.pt<\/a><\/p>\n<p><a href=\"https:\/\/www.airbnb.com\/rooms\/34389125?s=51\" target=\"_blank\" rel=\"noopener\">Airbnb<\/a><\/p>\n<p><a href=\"https:\/\/www.booking.com\/hotel\/pt\/casa-do-olival-figueiro-dos-vinhos.pt-pt.html\" target=\"_blank\" rel=\"noopener\">Booking<\/a><\/p>\n<p><a href=\"https:\/\/www.homeaway.pt\/arrendamento-ferias\/p8380773\" target=\"_blank\" rel=\"noopener\">Vrbo<\/a><\/p>\n<p><a href=\"https:\/\/bookinxisto.com\/pt\/lodge-catalog\/lodge?id=71\">bookinXisto<\/a><\/p>\n","protected":false},"excerpt":{"rendered":"<p>Os pre\u00e7os para estadias na Casa do Olival variam entre 75 \u20ac e 160 \u20ac\/noite, dependendo do n\u00famero de h\u00f3spedes e da \u00e9poca do ano. Contacte-nos para informa\u00e7\u00f5es atualizadas sobre disponibilidade e pre\u00e7os para a sua estadia. Poder\u00e1 ainda consultar as plataformas de reserva em que estamos presentes. +351 96 40 10 229 info@casadoolivalfv.pt Airbnb &hellip; <\/p>\n<p class=\"link-more\"><a href=\"https:\/\/casadoolivalfv.pt\/index.php\/reservas\/\" class=\"more-link\">Continue reading<span class=\"screen-reader-text\"> &#8220;Reservas&#8221;<\/span><\/a><\/p>\n","protected":false},"author":1,"featured_media":117,"parent":0,"menu_order":0,"comment_status":"closed","ping_status":"closed","template":"","meta":{"spay_email":"","footnotes":""},"jetpack_sharing_enabled":true,"jetpack_shortlink":"https:\/\/wp.me\/P9dgIg-4q","_links":{"self":[{"href":"https:\/\/casadoolivalfv.pt\/index.php\/wp-json\/wp\/v2\/pages\/274"}],"collection":[{"href":"https:\/\/casadoolivalfv.pt\/index.php\/wp-json\/wp\/v2\/pages"}],"about":[{"href":"https:\/\/casadoolivalfv.pt\/index.php\/wp-json\/wp\/v2\/types\/page"}],"author":[{"embeddable":true,"href":"https:\/\/casadoolivalfv.pt\/index.php\/wp-json\/wp\/v2\/users\/1"}],"replies":[{"embeddable":true,"href":"https:\/\/casadoolivalfv.pt\/index.php\/wp-json\/wp\/v2\/comments?post=274"}],"version-history":[{"count":15,"href":"https:\/\/casadoolivalfv.pt\/index.php\/wp-json\/wp\/v2\/pages\/274\/revisions"}],"predecessor-version":[{"id":597,"href":"https:\/\/casadoolivalfv.pt\/index.php\/wp-json\/wp\/v2\/pages\/274\/revisions\/597"}],"wp:featuredmedia":[{"embeddable":true,"href":"https:\/\/casadoolivalfv.pt\/index.php\/wp-json\/wp\/v2\/media\/117"}],"wp:attachment":[{"href":"https:\/\/casadoolivalfv.pt\/index.php\/wp-json\/wp\/v2\/media?parent=274"}],"curies":[{"name":"wp","href":"https:\/\/api.w.org\/{rel}","templated":true}]}}