{"id":345,"date":"2018-01-20T18:47:15","date_gmt":"2018-01-20T18:47:15","guid":{"rendered":"http:\/\/casadoolivalfv.pt\/?page_id=345"},"modified":"2024-05-01T09:33:02","modified_gmt":"2024-05-01T09:33:02","slug":"contact-2","status":"publish","type":"page","link":"https:\/\/casadoolivalfv.pt\/index.php\/contact-2\/","title":{"rendered":"Contact"},"content":{"rendered":"<p>Casa do Olival<\/p>\n<p>Figueir\u00f3 dos Vinhos<\/p>\n<p>(+351) 96 4010 229<\/p>\n<p><a href=\"mailto:info@casadoolivalfv.pt\">info@casadoolivalfv.pt<\/a><\/p>\n<p>\u00a0<\/p>\n<p><a href=\"https:\/\/www.instagram.com\/casa_do_olival_fv\/\" target=\"_blank\" rel=\"noreferrer noopener\">instagram.com\/casa_do_olival_fv\/<\/a><\/p>\n<p><a href=\"https:\/\/www.facebook.com\/casadoolivalfigueirodosvinhos\" data-wplink-edit=\"true\">facebook.com\/casadoolivalfigueirodosvinhos<\/a><\/p>\n<p>\u00a0<\/p>\n<p>Coordenates GPS: 39\u00b054&#8217;02.00&#8243;N, 8\u00b016&#8217;51.39&#8243;W&#8221;<\/p>\n<p>\u00a0<\/p>\n<p>Casa do Olival is an official partner of\u00a0 Aldeias do Xisto.<\/p>\n<p><a href=\"https:\/\/casadoolivalfv.pt\/wp-content\/uploads\/2017\/11\/recomendado_parceirooficial_Casa-do-Olival.png\"><img loading=\"lazy\" decoding=\"async\" class=\"alignnone size-medium wp-image-302\" src=\"https:\/\/casadoolivalfv.pt\/wp-content\/uploads\/2017\/11\/recomendado_parceirooficial_Casa-do-Olival-223x300.png\" alt=\"\" width=\"223\" height=\"300\" srcset=\"https:\/\/casadoolivalfv.pt\/wp-content\/uploads\/2017\/11\/recomendado_parceirooficial_Casa-do-Olival-223x300.png 223w, https:\/\/casadoolivalfv.pt\/wp-content\/uploads\/2017\/11\/recomendado_parceirooficial_Casa-do-Olival.png 452w\" sizes=\"(max-width: 223px) 100vw, 223px\" \/><\/a><\/p>\n<p>Useful links during your stay in Casa do Olival:<\/p>\n<p><a href=\"http:\/\/www.cm-figueirodosvinhos.pt\/\" target=\"_blank\" rel=\"noopener\">Municipality of Figueir\u00f3 dos Vinhos<\/a><\/p>\n<p><a href=\"http:\/\/www.cm-castanheiradepera.pt\/\" target=\"_blank\" rel=\"noopener\">Municipality of Castanheira de P\u00eara<\/a><\/p>\n<p><a href=\"http:\/\/www.cm-pedrogaogrande.pt\/\" target=\"_blank\" rel=\"noopener\">Municipality of Pedr\u00f3g\u00e3o Grande<\/a><\/p>\n<p><a href=\"http:\/\/aldeiasdoxisto.pt\/\" target=\"_blank\" rel=\"noopener\">Aldeias do Xisto (Schist villages)<\/a><\/p>\n<p><a href=\"https:\/\/www.facebook.com\/chdvinhos\/\" target=\"_blank\" rel=\"noopener\">Riding Centre of Figueir\u00f3 dos Vinhos<\/a><\/p>\n<p>\u00a0<\/p>\n<p>Other information<\/p>\n<ul>\n<li style=\"text-align: left;\">Complaint book<\/li>\n<\/ul>\n<p><a href=\"https:\/\/www.livroreclamacoes.pt\/Inicio\/\"><img loading=\"lazy\" decoding=\"async\" class=\"wp-image-500 size-full alignleft\" src=\"https:\/\/casadoolivalfv.pt\/wp-content\/uploads\/2020\/09\/i006575-1.png\" alt=\"\" width=\"140\" height=\"58\" \/><\/a><\/p>\n<p>\u00a0<\/p>\n<ul>\n<li>Dispute resolution<\/li>\n<\/ul>\n<p><img loading=\"lazy\" decoding=\"async\" class=\"wp-image-624 alignleft\" src=\"https:\/\/casadoolivalfv.pt\/wp-content\/uploads\/2024\/04\/conflicts-300x144.png\" alt=\"\" width=\"570\" height=\"274\" srcset=\"https:\/\/casadoolivalfv.pt\/wp-content\/uploads\/2024\/04\/conflicts-300x144.png 300w, https:\/\/casadoolivalfv.pt\/wp-content\/uploads\/2024\/04\/conflicts-1024x490.png 1024w, https:\/\/casadoolivalfv.pt\/wp-content\/uploads\/2024\/04\/conflicts-768x368.png 768w, https:\/\/casadoolivalfv.pt\/wp-content\/uploads\/2024\/04\/conflicts-1536x736.png 1536w, https:\/\/casadoolivalfv.pt\/wp-content\/uploads\/2024\/04\/conflicts.png 1829w\" sizes=\"(max-width: 570px) 100vw, 570px\" \/><\/p>\n<p>\u00a0<\/p>\n\n\n<p><\/p>\n","protected":false},"excerpt":{"rendered":"<p>Casa do Olival Figueir\u00f3 dos Vinhos (+351) 96 4010 229 info@casadoolivalfv.pt \u00a0 instagram.com\/casa_do_olival_fv\/ facebook.com\/casadoolivalfigueirodosvinhos \u00a0 Coordenates GPS: 39\u00b054&#8217;02.00&#8243;N, 8\u00b016&#8217;51.39&#8243;W&#8221; \u00a0 Casa do Olival is an official partner of\u00a0 Aldeias do Xisto. Useful links during your stay in Casa do Olival: Municipality of Figueir\u00f3 dos Vinhos Municipality of Castanheira de P\u00eara Municipality of Pedr\u00f3g\u00e3o Grande Aldeias &hellip; <\/p>\n<p class=\"link-more\"><a href=\"https:\/\/casadoolivalfv.pt\/index.php\/contact-2\/\" class=\"more-link\">Continue reading<span class=\"screen-reader-text\"> &#8220;Contact&#8221;<\/span><\/a><\/p>\n","protected":false},"author":1,"featured_media":85,"parent":0,"menu_order":0,"comment_status":"closed","ping_status":"closed","template":"","meta":{"spay_email":"","footnotes":""},"jetpack_sharing_enabled":true,"jetpack_shortlink":"https:\/\/wp.me\/P9dgIg-5z","_links":{"self":[{"href":"https:\/\/casadoolivalfv.pt\/index.php\/wp-json\/wp\/v2\/pages\/345"}],"collection":[{"href":"https:\/\/casadoolivalfv.pt\/index.php\/wp-json\/wp\/v2\/pages"}],"about":[{"href":"https:\/\/casadoolivalfv.pt\/index.php\/wp-json\/wp\/v2\/types\/page"}],"author":[{"embeddable":true,"href":"https:\/\/casadoolivalfv.pt\/index.php\/wp-json\/wp\/v2\/users\/1"}],"replies":[{"embeddable":true,"href":"https:\/\/casadoolivalfv.pt\/index.php\/wp-json\/wp\/v2\/comments?post=345"}],"version-history":[{"count":18,"href":"https:\/\/casadoolivalfv.pt\/index.php\/wp-json\/wp\/v2\/pages\/345\/revisions"}],"predecessor-version":[{"id":684,"href":"https:\/\/casadoolivalfv.pt\/index.php\/wp-json\/wp\/v2\/pages\/345\/revisions\/684"}],"wp:featuredmedia":[{"embeddable":true,"href":"https:\/\/casadoolivalfv.pt\/index.php\/wp-json\/wp\/v2\/media\/85"}],"wp:attachment":[{"href":"https:\/\/casadoolivalfv.pt\/index.php\/wp-json\/wp\/v2\/media?parent=345"}],"curies":[{"name":"wp","href":"https:\/\/api.w.org\/{rel}","templated":true}]}}